 
 
 {"id":96,"date":"2023-07-15T11:47:22","date_gmt":"2023-07-15T11:47:22","guid":{"rendered":"https:\/\/edinumenusa.com\/store\/product\/hola-mundo-2nd-ed-starter-level-book-for-numbers\/"},"modified":"2024-03-13T05:54:16","modified_gmt":"2024-03-13T05:54:16","slug":"hola-mundo-2nd-ed-starter-level-book-for-numbers","status":"publish","type":"product","link":"https:\/\/edinumenusa.com\/store\/hola-mundo-2nd-ed-starter-level-book-for-numbers","title":{"rendered":"\u00a1Hola, Mundo! (2nd Ed.) Starter Level &#8211; Numbers Booklet"},"content":{"rendered":"<p><span style=\"vertical-align: inherit\"><span style=\"vertical-align: inherit\"><span style=\"vertical-align: inherit\"><span style=\"vertical-align: inherit\">Este libro hace que trabajar con numeros sea divertido. <\/span><\/span><\/span><span style=\"vertical-align: inherit\"><span style=\"vertical-align: inherit\"><span style=\"vertical-align: inherit\">Cuentan y unen, conectan puntos num\u00e9ricos, rastrean y escriben n\u00fameros y realizan otras actividades divertidas y atractivas. <\/span><\/span><\/span><span style=\"vertical-align: inherit\"><span style=\"vertical-align: inherit\"><span style=\"vertical-align: inherit\">Con este manual, los estudiantes aprender\u00e1n a:<\/span><\/span><\/span><\/span><\/p>\n<ul>\n<li><span style=\"vertical-align: inherit\"><span style=\"vertical-align: inherit\"><span style=\"vertical-align: inherit\"><span style=\"vertical-align: inherit\">Escribe los n\u00fameros del 1 al 10.<\/span><\/span><\/span><\/span><\/li>\n<li><span style=\"vertical-align: inherit\"><span style=\"vertical-align: inherit\"><span style=\"vertical-align: inherit\"><span style=\"vertical-align: inherit\">Escribe los n\u00fameros del 1 al 10 en letras.<\/span><\/span><\/span><\/span><\/li>\n<li><span style=\"vertical-align: inherit\"><span style=\"vertical-align: inherit\"><span style=\"vertical-align: inherit\"><span style=\"vertical-align: inherit\">Cuenta hasta objetos diez.<\/span><\/span><\/span><\/span><\/li>\n<li><span style=\"vertical-align: inherit\"><span style=\"vertical-align: inherit\"><span style=\"vertical-align: inherit\"><span style=\"vertical-align: inherit\">Agrupaci\u00f3n hasta diez objetos.<\/span><\/span><\/span><\/span><\/li>\n<li><span style=\"vertical-align: inherit\"><span style=\"vertical-align: inherit\"><span style=\"vertical-align: inherit\"><span style=\"vertical-align: inherit\">Completa las sumas.<\/span><\/span><\/span><\/span><\/li>\n<\/ul>\n","protected":false},"excerpt":{"rendered":"<p>Este libro hace que trabajar con numeros sea divertido. Cuentan y unen, conectan puntos num\u00e9ricos, rastrean y escriben n\u00fameros y realizan otras actividades divertidas y atractivas. Con este manual, los estudiantes aprender\u00e1n a: Escribe los n\u00fameros del 1 al 10. Escribe los n\u00fameros del 1 al 10 en letras. Cuenta hasta objetos diez. Agrupaci\u00f3n hasta [&hellip;]<\/p>\n","protected":false},"featured_media":97,"template":"","format":[41],"meta":[],"product_brand":[],"product_cat":[63,85],"product_tag":[],"segments":[16],"sections":[22],"aimed-at":[29],"levels":[31],"education-center":[],"class_list":{"0":"post-96","1":"product","2":"type-product","3":"status-publish","4":"has-post-thumbnail","6":"product_cat-hola-mundo","7":"product_cat-level-starter","8":"segments-k-5","9":"sections-k-5-spanish-programs","10":"aimed-at-students","11":"levels-novice-low","12":"format-print","14":"first","15":"instock","16":"purchasable","17":"product-type-variable","18":"has-default-attributes"},"_links":{"self":[{"href":"https:\/\/edinumenusa.com\/store\/wp-json\/wp\/v2\/product\/96","targetHints":{"allow":["GET"]}}],"collection":[{"href":"https:\/\/edinumenusa.com\/store\/wp-json\/wp\/v2\/product"}],"about":[{"href":"https:\/\/edinumenusa.com\/store\/wp-json\/wp\/v2\/types\/product"}],"wp:featuredmedia":[{"embeddable":true,"href":"https:\/\/edinumenusa.com\/store\/wp-json\/wp\/v2\/media\/97"}],"wp:attachment":[{"href":"https:\/\/edinumenusa.com\/store\/wp-json\/wp\/v2\/media?parent=96"}],"wp:term":[{"taxonomy":"product_brand","embeddable":true,"href":"https:\/\/edinumenusa.com\/store\/wp-json\/wp\/v2\/product_brand?post=96"},{"taxonomy":"product_cat","embeddable":true,"href":"https:\/\/edinumenusa.com\/store\/wp-json\/wp\/v2\/product_cat?post=96"},{"taxonomy":"product_tag","embeddable":true,"href":"https:\/\/edinumenusa.com\/store\/wp-json\/wp\/v2\/product_tag?post=96"},{"taxonomy":"segments","embeddable":true,"href":"https:\/\/edinumenusa.com\/store\/wp-json\/wp\/v2\/segments?post=96"},{"taxonomy":"sections","embeddable":true,"href":"https:\/\/edinumenusa.com\/store\/wp-json\/wp\/v2\/sections?post=96"},{"taxonomy":"aimed-at","embeddable":true,"href":"https:\/\/edinumenusa.com\/store\/wp-json\/wp\/v2\/aimed-at?post=96"},{"taxonomy":"levels","embeddable":true,"href":"https:\/\/edinumenusa.com\/store\/wp-json\/wp\/v2\/levels?post=96"},{"taxonomy":"format","embeddable":true,"href":"https:\/\/edinumenusa.com\/store\/wp-json\/wp\/v2\/format?post=96"},{"taxonomy":"education-center","embeddable":true,"href":"https:\/\/edinumenusa.com\/store\/wp-json\/wp\/v2\/education-center?post=96"}],"curies":[{"name":"wp","href":"https:\/\/api.w.org\/{rel}","templated":true}]}}